5566101.
3, 17, 13638551
List the prime factors of 141904544.
2, 61, 139, 523
What are the prime factors of 195825079?
195825079
What are the prime factors of 1920368025?
3, 5, 17, 502057
What are the prime factors of 5035488891?
3, 317, 1283, 4127
List the prime factors of 308239298.
2, 154119649
What are the prime factors of 530712534?
2, 3, 11, 23, 37, 859
What are the prime factors of 47753336?
2, 23, 109, 2381
What are the prime factors of 37803765?
3, 5, 2520251
What are the prime factors of 7101085?
5, 29, 48973
List the prime factors of 1360201514.
2, 7, 5419, 17929
What are the prime factors of 195601252?
2, 7, 11, 17, 37357
List the prime factors of 773643270.
2, 3, 5, 25788109
What are the prime factors of 280959745?
5, 11, 19, 268861
List the prime factors of 67294704.
2, 3, 17, 82469
List the prime factors of 502034304.
2, 3, 59, 22159
List the prime factors of 2029090455.
3, 5, 7, 6441557
What are the prime factors of 1163003485?
5, 7, 47, 100999
What are the prime factors of 5008105?
5, 1001621
List the prime factors of 580646383.
580646383
What are the prime factors of 17453309?
47, 7901
List the prime factors of 1060226231.
37, 73, 392531
List the prime factors of 237022333.
37, 199, 32191
What are the prime factors of 116176017?
3, 389, 99551
List the prime factors of 161079113.
13, 12390701
List the prime factors of 1344667498.
2, 672333749
List the prime factors of 141906353.
181, 353, 2221
What are the prime factors of 328135552?
2, 337, 7607
What are the prime factors of 53177481?
3, 7, 844087
List the prime factors of 3602588265.
3, 5, 26685839
List the prime factors of 856793999.
17, 19, 23, 115331
What are the prime factors of 70254773?
31, 2266283
What are the prime factors of 2959484013?
3, 53, 2068123
List the prime factors of 31804927.
7, 11, 317, 1303
List the prime factors of 92568280.
2, 5, 7, 269, 1229
List the prime factors of 87293332.
2, 7, 53, 59, 997
What are the prime factors of 295680701?
173, 1709137
What are the prime factors of 121233078?
2, 3, 2245057
List the prime factors of 873230035.
5, 191, 277, 3301
What are the prime factors of 28441632?
2, 3, 19, 31, 503
List the prime factors of 532633130.
2, 5, 37, 1439549
What are the prime factors of 1715088890?
2, 5, 171508889
What are the prime factors of 57453157?
607, 94651
What are the prime factors of 3404401592?
2, 269, 307, 5153
List the prime factors of 797170335.
3, 5, 13, 43, 95071
What are the prime factors of 2381086193?
41, 58075273
List the prime factors of 258710352.
2, 3, 17, 317047
List the prime factors of 253163557.
1249, 202693
What are the prime factors of 47096447?
151, 311897
List the prime factors of 5521862079.
3, 18541, 33091
What are the prime factors of 661642771?
17, 23, 1692181
What are the prime factors of 3449123539?
23, 59, 1049, 2423
What are the prime factors of 540135523?
540135523
List the prime factors of 22926896.
2, 1432931
What are the prime factors of 1162210487?
19, 839, 72907
List the prime factors of 2281025177.
151, 373, 40499
What are the prime factors of 54904098?
2, 3, 293, 31231
What are the prime factors of 289653156?
2, 3, 13, 47609
What are the prime factors of 64023721?
641, 99881
What are the prime factors of 2936291153?
17, 10160177
What are the prime factors of 2487160653?
3, 83, 101, 98897
What are the prime factors of 1418621596?
2, 7, 1847, 27431
What are the prime factors of 34324093?
41, 439, 1907
List the prime factors of 125558864.
2, 29, 270601
What are the prime factors of 4363353251?
4363353251
What are the prime factors of 21089280?
2, 3, 5, 1373
List the prime factors of 4224871347.
3, 1423, 989663
What are the prime factors of 1181568257?
19, 29, 2144407
List the prime factors of 378502847.
701, 539947
What are the prime factors of 89595054?
2, 3, 89, 55927
List the prime factors of 164353487.
164353487
What are the prime factors of 175507174?
2, 3923, 22369
What are the prime factors of 68215235?
5, 11, 37, 33521
List the prime factors of 157658223.
3, 6337, 8293
What are the prime factors of 263513667?
3, 37, 157, 15121
List the prime factors of 14235162.
2, 3, 149, 15923
What are the prime factors of 60823476?
2, 3, 7, 241363
What are the prime factors of 109947511?
109947511
What are the prime factors of 61532045?
5, 12306409
List the prime factors of 543264774.
2, 3, 13, 6964933
List the prime factors of 396425514.
2, 3, 43, 1536533
List the prime factors of 52532174.
2, 26266087
What are the prime factors of 76856079?
3, 73, 350941
What are the prime factors of 177044099?
177044099
List the prime factors of 532032345.
3, 5, 13, 909457
What are the prime factors of 4646089570?
2, 5, 19, 24453103
List the prime factors of 270832273.
16433, 16481
List the prime factors of 250626884.
2, 62656721
What are the prime factors of 968435934?
2, 3, 3557, 45377
List the prime factors of 108524798.
2, 54262399
List the prime factors of 47174282.
2, 457, 51613
List the prime factors of 437773268.
2, 109443317
What are the prime factors of 335431266?
2, 3, 6211, 9001
What are the prime factors of 69870821?
69870821
What are the prime factors of 421716093?
3, 17, 43, 103, 1867
What are the prime factors of 164070446?
2, 263, 271, 1151
What are the prime factors of 884091668?
2, 221022917
What are the prime factors of 68056896?
2, 3, 354463
List the prime factors of 1126899376.
2, 70431211
List the prime factors of 2470276422.
2, 3, 137237579
List the prime factors of 31064415.
3, 5, 47, 139, 317
What are the prime factors of 444619205?
5, 31, 2868511
List the prime factors of 3544630163.
97, 36542579
What are the prime factors of 26131796?
2, 751, 8699
What are the prime factors of 36490888?
2, 7, 93089
What are the prime factors of 755595880?
2, 5, 13, 521, 2789
List the prime factors of 299979417.
3, 53, 1886663
What are the prime factors of 42356697?
3, 14118899
What are the prime factors of 64298834?
2, 32149417
What are the prime factors of 33226053?
3, 7, 23, 68791
List the prime factors of 1884482783.
43, 43825181
What are the prime factors of 837035060?
2, 5, 41851753
What are the prime factors of 292482081?
3, 29, 47, 113, 211
List the prime factors of 256766703.
3, 19, 337, 13367
What are the prime factors of 29461609?
19, 1550611
What are the prime factors of 1762206425?
5, 7, 613, 16427
What are the prime factors of 472383638?
2, 43, 5492833
What are the prime factors of 5620061?
5620061
List the prime factors of 349628779.
71, 1511, 3259
List the prime factors of 158070703.
7, 41, 61, 9029
What are the prime factors of 1171744628?
2, 292936157
What are the prime factors of 137599211?
137599211
List the prime factors of 3754251902.
2, 109, 17221339
What are the prime factors of 1456672829?
17, 19, 53, 85091
What are the prime factors of 351888?
2, 3, 7331
List the prime factors of 112109350.
2, 5, 2242187
List the prime factors of 84455897.
101, 719, 1163
List the prime factors of 93182619.
3, 229, 135637
List the prime factors of 206006977.
11, 67, 25411
What are the prime factors of 952862879?
952862879
What are the prime factors of 42108566?
2, 107, 196769
What are the prime factors of 619186019?
17, 953, 38219
What are the prime factors of 5893744897?
5893744897
What are the prime factors of 218909004?
2, 3, 41, 444937
List the prime factors of 6614035157.
6614035157
What are the prime factors of 260947204?
2, 7, 103, 90481
List the prime factors of 114355501.
13, 107, 229, 359
What are the prime factors of 107491195?
5, 7, 3071177
List the prime factors of 2786247037.
7, 398035291
What are the prime factors of 4515656008?
2, 17, 43, 313, 2467
What are the prime factors of 643734516?
2, 3, 19, 193, 14629
What are the prime factors of 44838049?
2999, 14951
List the prime factors of 196158698.
2, 19, 5162071
What are the prime factors of 22295013?
3, 13, 113, 5059
What are the prime factors of 328280697?
3, 36475633
List the prime factors of 275691712.
2, 1567, 2749
What are the prime factors of 23221373?
7, 29, 73, 1567
What are the prime factors of 129593841?
3, 13, 3322919
What are the prime factors of 1057808141?
13, 5851, 13907
List the prime factors of 8476716023.
4507, 1880789
List the prime factors of 6026612857.
941, 6404477
What are the prime factors of 134655794?
2,